{"id":297,"date":"2015-11-03T12:18:32","date_gmt":"2015-11-03T10:18:32","guid":{"rendered":"http:\/\/www.mennekes-jungenarbeit.de\/?page_id=297"},"modified":"2024-03-10T19:08:38","modified_gmt":"2024-03-10T17:08:38","slug":"jungenarbeit","status":"publish","type":"page","link":"https:\/\/www.mennekes-jungenarbeit.de\/?page_id=297","title":{"rendered":"Jungenarbeit \u2013 zur gezielten F\u00f6rderung von Jungen"},"content":{"rendered":"\n<hr class=\"wp-block-separator has-css-opacity\"\/>\n\n\n\n<h3 class=\"wp-block-heading\"><br><strong>Jungenarbeit &#8211; Bau einer raumf\u00fcllenden Kugelbahn mit einer Jungen-Gruppe<\/strong><\/h3>\n\n\n\n<p>Gemeinsam. Erleben. Erkunden. Kommunikation. Bewegung. Konstruieren. Werken. Spielen. Spass. Hauptsache.&nbsp;<br>Planung, Konstruktion und Bau einer raumf\u00fcllenden Kugelbahn. Drau\u00dfen. Bei \u201eschlechtem\u201c Wetter kann die Kugelbahn auch im Innenraum gebaut werden.<\/p>\n\n\n\n<figure class=\"wp-block-image size-full\"><a href=\"https:\/\/www.mennekes-jungenarbeit.de\/wp-content\/uploads\/2022\/09\/Jungenarbeit_Kugelbahn_2022_4187_web.jpg\"><img loading=\"lazy\" decoding=\"async\" width=\"1000\" height=\"750\" src=\"https:\/\/www.mennekes-jungenarbeit.de\/wp-content\/uploads\/2022\/09\/Jungenarbeit_Kugelbahn_2022_4187_web.jpg\" alt=\"Jungenarbeit - Bau einer Kugelbahn mit einer Jungen-Gruppe.\" class=\"wp-image-3361\" srcset=\"https:\/\/mennekes-jungenarbeit.de\/wp-content\/uploads\/2022\/09\/Jungenarbeit_Kugelbahn_2022_4187_web.jpg 1000w, https:\/\/mennekes-jungenarbeit.de\/wp-content\/uploads\/2022\/09\/Jungenarbeit_Kugelbahn_2022_4187_web-300x225.jpg 300w, https:\/\/mennekes-jungenarbeit.de\/wp-content\/uploads\/2022\/09\/Jungenarbeit_Kugelbahn_2022_4187_web-768x576.jpg 768w\" sizes=\"auto, (max-width: 1000px) 100vw, 1000px\" \/><\/a><figcaption class=\"wp-element-caption\">Jungenarbeit &#8211; Bau einer Kugelbahn mit einer Jungen-Gruppe.<\/figcaption><\/figure>\n\n\n\n<p>Weiterer Input f\u00fcr die Jungen: Ein\u00fcbung von Sozialverhalten in der Gruppe, auch au\u00dferhalb der Schule. Wie auch eine angemessene, r\u00fccksichtsvolle Kommunikation innerhalb der Gruppe. Dann noch: Der Umgang mit Erfolg und Misserfolg.<\/p>\n\n\n\n<p>Ein Projekt\/Kooperation des Wim-Wenders Gymnasiums mit dem Lernort Studio D\u00fcsseldorf. Idee, Konzept und Projektleitung: Ulrich Mennekes.<\/p>\n\n\n\n<hr class=\"wp-block-separator has-alpha-channel-opacity is-style-default\"\/>\n\n\n\n<h3 class=\"wp-block-heading\" id=\"mce_19\">Jungenarbeit-Projekt &#8211; <strong>&#8222;Mit der Kamera raus &#8211; ins Viertel&#8220;<\/strong><\/h3>\n\n\n\n<p>Das Jungenarbeit-Projekt &#8222;Mit der Kamera raus &#8211; ins Viertel&#8220; an der Jan-Wellem-Schule in D\u00fcsseldorf-Oberbilk wird auch im Schuljahr 2020\/2021 <strong>fortgesetzt und gef\u00f6rdert.<\/strong> <br>F\u00f6rderung durch das Kulturamt der Landeshauptstadt D\u00fcsseldorf. <br>Projektidee\/Jungenarbeit, Konzeption und Realisation: Ulrich Mennekes, Dipl. Designer,  Jungenarbeiter, Deeskalationstrainer: <a href=\"http:\/\/www.mennekes-jungenarbeit.de\">www.mennekes-jungenarbeit.de<\/a><\/p>\n\n\n\n<hr class=\"wp-block-separator has-alpha-channel-opacity is-style-dots\"\/>\n\n\n\n<h3 class=\"wp-block-heading\"><strong>Jungenarbeit-Projekt &#8211; &#8222;Mit der Kamera raus &#8211; ins Viertel&#8220;<\/strong><\/h3>\n\n\n\n<p>Jungenarbeit-Projekt an der D\u00fcsseldorfer Jan-Wellem-Schule. Gemeinsam gehen Jungen mit der Kamera durch das Viertel, in dem Sie zur Schule gehen, wohnen, ihre Freizeit verbringen&#8230; <br>Gemeinsam &#8222;sehen&#8220; und &#8222;erleben&#8220; sie\/wir das Quartier neu, sie &#8222;zeigen&#8220; einander ihr Viertel, &#8222;sehen&#8220; und &#8222;sp\u00fcren&#8220; die Bedeutung ihres Viertels &#8211; durch die Optik der Kamera. Sie sehen ihr Viertel\/ihre Heimat, bilden ihre Heimat ab. Bestimmt jetzt bewu\u00dfter, aufmerksamer. Sicher auch selbstbewu\u00dfter, kritischer&#8230;<br><br>Das Jungenarbeit-Projekt &#8222;Mit der Kamera raus &#8211; ins Viertel&#8220; wird gef\u00f6rdert durch das Kulturamt der Landeshauptstadt D\u00fcsseldorf. <br>Projektidee\/Jungenarbeit, Konzeption und Realisation: Ulrich Mennekes, Dipl. Designer,  Jungenarbeiter, Deeskalationstrainer.<br><\/p>\n\n\n<hr \/>\n<h4>&#8222;All-Boys-Tour&#8220; &#8211; die <strong>Jungengruppe<\/strong> <br \/>&#8222;Traum-Job&#8220; &#8211; jungenspezifisches Angebot\u00a0an der Theodor-Litt-Realschule<\/h4>\n<p>&#8222;All-Boys-Tour&#8220; &#8211; die <strong>Jungengruppe<\/strong> an der Theodor-Litt-Realschule. Jungen treffen sich in der Gruppe, chillen, denken, quatschen, fotografieren Jungenportraits, arbeiten am PC\u2026<br \/>&#8222;Traum-Job&#8220;, ganz &#8222;nebenbei&#8220; sprechen die Jungen \u00fcber ihre St\u00e4rken, ihre Stellung in der Familie, ihre individuelle Lebensplanung, die Berufsfindung usw. &#8230;<\/p>\n<div id='gallery-1' class='gallery galleryid-297 gallery-columns-4 gallery-size-thumbnail'><figure class='gallery-item'>\n\t\t\t<div class='gallery-icon landscape'>\n\t\t\t\t<a href='https:\/\/www.mennekes-jungenarbeit.de\/?attachment_id=48'><img loading=\"lazy\" decoding=\"async\" width=\"150\" height=\"150\" src=\"https:\/\/mennekes-jungenarbeit.de\/wp-content\/uploads\/2015\/04\/Theo_Georg_Uhr_7829_B1000_klW-150x150.jpg\" class=\"attachment-thumbnail size-thumbnail\" alt=\"\" aria-describedby=\"gallery-1-48\" \/><\/a>\n\t\t\t<\/div>\n\t\t\t\t<figcaption class='wp-caption-text gallery-caption' id='gallery-1-48'>\n\t\t\t\tJungenarbeit, Mennekes\n\t\t\t\t<\/figcaption><\/figure><figure class='gallery-item'>\n\t\t\t<div class='gallery-icon landscape'>\n\t\t\t\t<a href='https:\/\/www.mennekes-jungenarbeit.de\/?attachment_id=49'><img loading=\"lazy\" decoding=\"async\" width=\"150\" height=\"150\" src=\"https:\/\/mennekes-jungenarbeit.de\/wp-content\/uploads\/2015\/04\/Theo_Jakob_0688_B1000_klW-150x150.jpg\" class=\"attachment-thumbnail size-thumbnail\" alt=\"\" aria-describedby=\"gallery-1-49\" \/><\/a>\n\t\t\t<\/div>\n\t\t\t\t<figcaption class='wp-caption-text gallery-caption' id='gallery-1-49'>\n\t\t\t\tJungenarbeit, Mennekes\n\t\t\t\t<\/figcaption><\/figure><figure class='gallery-item'>\n\t\t\t<div class='gallery-icon landscape'>\n\t\t\t\t<a href='https:\/\/www.mennekes-jungenarbeit.de\/?attachment_id=50'><img loading=\"lazy\" decoding=\"async\" width=\"150\" height=\"150\" src=\"https:\/\/mennekes-jungenarbeit.de\/wp-content\/uploads\/2015\/04\/Theo_Lovedeep_0038_B1000_klW-150x150.jpg\" class=\"attachment-thumbnail size-thumbnail\" alt=\"\" aria-describedby=\"gallery-1-50\" \/><\/a>\n\t\t\t<\/div>\n\t\t\t\t<figcaption class='wp-caption-text gallery-caption' id='gallery-1-50'>\n\t\t\t\tJungenarbeit, Mennekes\n\t\t\t\t<\/figcaption><\/figure><figure class='gallery-item'>\n\t\t\t<div class='gallery-icon landscape'>\n\t\t\t\t<a href='https:\/\/www.mennekes-jungenarbeit.de\/?attachment_id=51'><img loading=\"lazy\" decoding=\"async\" width=\"150\" height=\"150\" src=\"https:\/\/mennekes-jungenarbeit.de\/wp-content\/uploads\/2015\/04\/Theo_Mads_0026_B1000_klW-150x150.jpg\" class=\"attachment-thumbnail size-thumbnail\" alt=\"\" aria-describedby=\"gallery-1-51\" \/><\/a>\n\t\t\t<\/div>\n\t\t\t\t<figcaption class='wp-caption-text gallery-caption' id='gallery-1-51'>\n\t\t\t\tJungenarbeit, Mennekes\n\t\t\t\t<\/figcaption><\/figure><figure class='gallery-item'>\n\t\t\t<div class='gallery-icon landscape'>\n\t\t\t\t<a href='https:\/\/www.mennekes-jungenarbeit.de\/?attachment_id=52'><img loading=\"lazy\" decoding=\"async\" width=\"150\" height=\"150\" src=\"https:\/\/mennekes-jungenarbeit.de\/wp-content\/uploads\/2015\/04\/Theo_Mohamed_7830_B1000_klW-150x150.jpg\" class=\"attachment-thumbnail size-thumbnail\" alt=\"\" aria-describedby=\"gallery-1-52\" \/><\/a>\n\t\t\t<\/div>\n\t\t\t\t<figcaption class='wp-caption-text gallery-caption' id='gallery-1-52'>\n\t\t\t\tJungenarbeit, Mennekes\n\t\t\t\t<\/figcaption><\/figure><figure class='gallery-item'>\n\t\t\t<div class='gallery-icon landscape'>\n\t\t\t\t<a href='https:\/\/www.mennekes-jungenarbeit.de\/?attachment_id=53'><img loading=\"lazy\" decoding=\"async\" width=\"150\" height=\"150\" src=\"https:\/\/mennekes-jungenarbeit.de\/wp-content\/uploads\/2015\/04\/Theo_Oliver__B1000_klW-150x150.jpg\" class=\"attachment-thumbnail size-thumbnail\" alt=\"\" aria-describedby=\"gallery-1-53\" \/><\/a>\n\t\t\t<\/div>\n\t\t\t\t<figcaption class='wp-caption-text gallery-caption' id='gallery-1-53'>\n\t\t\t\tJungenarbeit, Mennekes\n\t\t\t\t<\/figcaption><\/figure><figure class='gallery-item'>\n\t\t\t<div class='gallery-icon landscape'>\n\t\t\t\t<a href='https:\/\/www.mennekes-jungenarbeit.de\/?attachment_id=54'><img loading=\"lazy\" decoding=\"async\" width=\"150\" height=\"150\" src=\"https:\/\/mennekes-jungenarbeit.de\/wp-content\/uploads\/2015\/04\/Theo_Piotr_B1000_klW-150x150.jpg\" class=\"attachment-thumbnail size-thumbnail\" alt=\"\" aria-describedby=\"gallery-1-54\" \/><\/a>\n\t\t\t<\/div>\n\t\t\t\t<figcaption class='wp-caption-text gallery-caption' id='gallery-1-54'>\n\t\t\t\tJungenarbeit, Mennekes\n\t\t\t\t<\/figcaption><\/figure><figure class='gallery-item'>\n\t\t\t<div class='gallery-icon landscape'>\n\t\t\t\t<a href='https:\/\/www.mennekes-jungenarbeit.de\/?attachment_id=55'><img loading=\"lazy\" decoding=\"async\" width=\"150\" height=\"150\" src=\"https:\/\/mennekes-jungenarbeit.de\/wp-content\/uploads\/2015\/04\/Theo_Tobias_B1000_klW-150x150.jpg\" class=\"attachment-thumbnail size-thumbnail\" alt=\"\" aria-describedby=\"gallery-1-55\" \/><\/a>\n\t\t\t<\/div>\n\t\t\t\t<figcaption class='wp-caption-text gallery-caption' id='gallery-1-55'>\n\t\t\t\tJungenarbeit, Mennekes\n\t\t\t\t<\/figcaption><\/figure>\n\t\t<\/div>\n\n<p>Projektidee\/Jungenarbeit, Konzept und Realisation: Ulrich Mennekes, Dipl. Designer und Jungenarbeiter<\/p>\n<hr \/>\n<h4><strong>Jungenaktionstage\/JunX auch im Lernort Studio<\/strong><\/h4>\n<p>Die Jungenaktionstage &#8222;JunX&#8220;\/Jungenarbeit vom D\u00fcsseldorfer Jungennetzwerk &#8211; mit Beteiligung\u00a0des Lernort Studio D\u00fcsseldorf.<strong><br \/><\/strong><\/p>\n<p><strong>JunX\/Jungen und Maschinen<\/strong> \u2013 ein offenes Angebot und Kunstprojekt &#8211; an <strong>JunX\/Jungen<\/strong> im Alter von 11 bis 15 Jahren.<br \/>Unser Alltag ist bestimmt von <strong>Maschinen<\/strong>, analogen wie digitalen Maschinen &#8211; egal ob wir am PC zocken oder ein Ei kochen wollen. Es gibt &#8222;Maschinen&#8220; um \u00c4pfel zu sch\u00e4len und &#8222;Maschinen&#8220; um (gute) Fotos zu machen. <strong>JunX\/Jungen\/Wir<\/strong> werden uns an diesem Tag k\u00fcnstlerisch mit und \u00fcber <strong>Maschinen<\/strong>\u00a0auseinandersetzen. Unsere <strong>Maschinen<\/strong> sind bereits vorbereitet.<br \/>Ort: <strong>JunX\/Jungen und Maschinen<\/strong> &#8211; im Lernort Studio, Raum 219\/220, II. Etage &#8211; und\u00a0auf dem Au\u00dfengel\u00e4nde,\u00a0Aachener Stra\u00dfe 39, 40223 D\u00fcsseldorf<strong><br \/><\/strong><br \/>Lernort Studio D\u00fcsseldorf\/Ulrich Mennekes in Kooperation mit: Caritasverband D\u00fcsseldorf, Hendrik Kinder<strong><br \/><\/strong><\/p>\n<hr \/>\n<h4>&#8222;All-boys-tour&#8220; &#8211; Jungenarbeit<\/h4>\n<p>&#8222;All-boys-tour&#8220; \u2013 weil \u201eMann\/Junge\u201c bei der Besch\u00e4ftigung mit der Design\/Kunst\/Fotografie und der Bildbearbeitung usw. (in dieser Jungenarbeit-Konstellation) immer sehr schnell zu \u201epers\u00f6nlichen\u201c Fragen gelangt \u2013 wie zum Beispiel: \u201eWie sehe ich aus?\u201c und \u201eWie wirke ich auf M\u00e4dchen?\u201c oder auch \u201eBin ich cool?\u201c<\/p>\n<p>Die <strong>Zielgruppe<\/strong> der Jungen im pubert\u00e4ren\/gerade nachpubert\u00e4ren Alter sollen an Ihrer Schule ein jungenspezifisches Angebot erhalten, um Orientierung zu geben in einer Lebensphase in der die Jungen erleben, dass klassische Rollenmuster und Geschlechtersozialisation zunehmend weniger greifen.<\/p>\n<p>Gerade in der Lebensphase der Herausbildung der Geschlechteridentit\u00e4t und beruflichen Orientierung ist die Auseinandersetzung und intensive Bearbeitung der Fragen \u201eWelches sind meine Lebensziele?\u201c, \u201eM\u00f6chte ich eine Familie gr\u00fcnden \u2013 wie von meinen Eltern vorgelebt?\u201c. Auch die Frage \u201eWelche kulturellen Erwartungen werden in einer Partnerschaft an mich gestellt?\u201c \u2013 besonders bei Jungen mit Migrationshintergrund \u2013 werden thematisiert.<\/p>\n<p>Mit meiner Durchf\u00fchrung des <strong>&#8222;All-boys-tour&#8220;\u00a0<\/strong>\u2013 Projektes an Ihrer Schule bietet sich Ihren Sch\u00fclern durch Erkenntnisgewinn und Neupositionierung die M\u00f6glichkeit, sich auch weiter mit beispielsweise der Jugendberufshilfe und den Berufsberatungen zu vernetzen.<\/p>\n<p>Ein<strong> &#8222;All-boys-tour&#8220; <\/strong>\u2013\u00a0<strong>Jungenarbeit\u2013<\/strong>Projekt ist nach unserer Abstimmung sicher auch an Ihrer Schule m\u00f6glich. Sprechen Sie uns wegen einer Terminabstimmung doch an.<\/p>\n<p>Projektidee\/Jungenarbeit, Konzept sowie Realisation: Ulrich Mennekes, Dipl. Designer, Jungenarbeiter,\u00a0Deeskalationstrainer: <a href=\"http:\/\/www.mennekes-jungenarbeit.de\">www.mennekes-jungenarbeit.de<\/a><\/p>\n<hr \/>\n<h4>&#8222;Gesehen&#8220; &#8211; ein jungenspezifisches Angebot an der GHS\/Fritz-Henkel-Schule<\/h4>\n<p>Jungenarbeit &#8211; Kunst\/Fotografie\/Museumsbesuch &#8211; gegangen \u00fcber die &#8222;Br\u00fccke der Sch\u00f6nen K\u00fcnste&#8220;.<br \/>Gemeinsame (mit Sch\u00fclerinnen\/Sch\u00fclern der Klassen 9 und 10) Fotoausfl\u00fcge und Erkundungen im Stadtteil D\u00fcsseldorf-Garath. Planung, Vorbereitung und Besuch der Fotoausstellung Andreas Gursky im Museum Kunstpalast D\u00fcsseldorf.<\/p>\n<p>Eine Kooperation der GHS Fritz-Henkel-Schule\/Karlheinz Kie\u00dfler und dem Lernort Studio\/Ulrich Mennekes.<\/p>\n<div id='gallery-2' class='gallery galleryid-297 gallery-columns-5 gallery-size-thumbnail'><figure class='gallery-item'>\n\t\t\t<div class='gallery-icon landscape'>\n\t\t\t\t<a href='https:\/\/www.mennekes-jungenarbeit.de\/?attachment_id=691'><img loading=\"lazy\" decoding=\"async\" width=\"150\" height=\"150\" src=\"https:\/\/mennekes-jungenarbeit.de\/wp-content\/uploads\/2016\/02\/Jungenarbeit_A_Web-150x150.jpg\" class=\"attachment-thumbnail size-thumbnail\" alt=\"\" aria-describedby=\"gallery-2-691\" \/><\/a>\n\t\t\t<\/div>\n\t\t\t\t<figcaption class='wp-caption-text gallery-caption' id='gallery-2-691'>\n\t\t\t\tJungenarbeit, Mennekes\n\t\t\t\t<\/figcaption><\/figure><figure class='gallery-item'>\n\t\t\t<div class='gallery-icon landscape'>\n\t\t\t\t<a href='https:\/\/www.mennekes-jungenarbeit.de\/?attachment_id=694'><img loading=\"lazy\" decoding=\"async\" width=\"150\" height=\"150\" src=\"https:\/\/mennekes-jungenarbeit.de\/wp-content\/uploads\/2016\/02\/Jungenarbeit_D_Web-150x150.jpg\" class=\"attachment-thumbnail size-thumbnail\" alt=\"\" aria-describedby=\"gallery-2-694\" \/><\/a>\n\t\t\t<\/div>\n\t\t\t\t<figcaption class='wp-caption-text gallery-caption' id='gallery-2-694'>\n\t\t\t\tJungenarbeit, Mennekes\n\t\t\t\t<\/figcaption><\/figure><figure class='gallery-item'>\n\t\t\t<div class='gallery-icon landscape'>\n\t\t\t\t<a href='https:\/\/www.mennekes-jungenarbeit.de\/?attachment_id=693'><img loading=\"lazy\" decoding=\"async\" width=\"150\" height=\"150\" src=\"https:\/\/mennekes-jungenarbeit.de\/wp-content\/uploads\/2016\/02\/Jungenarbeit_C_Web-150x150.jpg\" class=\"attachment-thumbnail size-thumbnail\" alt=\"\" aria-describedby=\"gallery-2-693\" \/><\/a>\n\t\t\t<\/div>\n\t\t\t\t<figcaption class='wp-caption-text gallery-caption' id='gallery-2-693'>\n\t\t\t\tJungenarbeit, Mennekes\n\t\t\t\t<\/figcaption><\/figure><figure class='gallery-item'>\n\t\t\t<div class='gallery-icon landscape'>\n\t\t\t\t<a href='https:\/\/www.mennekes-jungenarbeit.de\/?attachment_id=696'><img loading=\"lazy\" decoding=\"async\" width=\"150\" height=\"150\" src=\"https:\/\/mennekes-jungenarbeit.de\/wp-content\/uploads\/2016\/02\/Jungenarbeit_F_Web-150x150.jpg\" class=\"attachment-thumbnail size-thumbnail\" alt=\"\" aria-describedby=\"gallery-2-696\" \/><\/a>\n\t\t\t<\/div>\n\t\t\t\t<figcaption class='wp-caption-text gallery-caption' id='gallery-2-696'>\n\t\t\t\tJungenarbeit, Mennekes\n\t\t\t\t<\/figcaption><\/figure><figure class='gallery-item'>\n\t\t\t<div class='gallery-icon landscape'>\n\t\t\t\t<a href='https:\/\/www.mennekes-jungenarbeit.de\/?attachment_id=692'><img loading=\"lazy\" decoding=\"async\" width=\"150\" height=\"150\" src=\"https:\/\/mennekes-jungenarbeit.de\/wp-content\/uploads\/2016\/02\/Jungenarbeit_B_Web-150x150.jpg\" class=\"attachment-thumbnail size-thumbnail\" alt=\"\" aria-describedby=\"gallery-2-692\" \/><\/a>\n\t\t\t<\/div>\n\t\t\t\t<figcaption class='wp-caption-text gallery-caption' id='gallery-2-692'>\n\t\t\t\tJungenarbeit, Mennekes\n\t\t\t\t<\/figcaption><\/figure><figure class='gallery-item'>\n\t\t\t<div class='gallery-icon landscape'>\n\t\t\t\t<a href='https:\/\/www.mennekes-jungenarbeit.de\/?attachment_id=700'><img loading=\"lazy\" decoding=\"async\" width=\"150\" height=\"150\" src=\"https:\/\/mennekes-jungenarbeit.de\/wp-content\/uploads\/2015\/11\/Jungenarbeit_H_Web-150x150.jpg\" class=\"attachment-thumbnail size-thumbnail\" alt=\"\" aria-describedby=\"gallery-2-700\" \/><\/a>\n\t\t\t<\/div>\n\t\t\t\t<figcaption class='wp-caption-text gallery-caption' id='gallery-2-700'>\n\t\t\t\tJungenarbeit, Mennekes\n\t\t\t\t<\/figcaption><\/figure><figure class='gallery-item'>\n\t\t\t<div class='gallery-icon portrait'>\n\t\t\t\t<a href='https:\/\/www.mennekes-jungenarbeit.de\/?attachment_id=699'><img loading=\"lazy\" decoding=\"async\" width=\"150\" height=\"150\" src=\"https:\/\/mennekes-jungenarbeit.de\/wp-content\/uploads\/2015\/11\/Jungenarbeit_G_Web-150x150.jpg\" class=\"attachment-thumbnail size-thumbnail\" alt=\"\" aria-describedby=\"gallery-2-699\" \/><\/a>\n\t\t\t<\/div>\n\t\t\t\t<figcaption class='wp-caption-text gallery-caption' id='gallery-2-699'>\n\t\t\t\tJungenarbeit, Mennekes\n\t\t\t\t<\/figcaption><\/figure><figure class='gallery-item'>\n\t\t\t<div class='gallery-icon landscape'>\n\t\t\t\t<a href='https:\/\/www.mennekes-jungenarbeit.de\/?attachment_id=695'><img loading=\"lazy\" decoding=\"async\" width=\"150\" height=\"150\" src=\"https:\/\/mennekes-jungenarbeit.de\/wp-content\/uploads\/2016\/02\/Jungenarbeit_E_Web-150x150.jpg\" class=\"attachment-thumbnail size-thumbnail\" alt=\"\" aria-describedby=\"gallery-2-695\" \/><\/a>\n\t\t\t<\/div>\n\t\t\t\t<figcaption class='wp-caption-text gallery-caption' id='gallery-2-695'>\n\t\t\t\tJungenarbeit, Mennekes\n\t\t\t\t<\/figcaption><\/figure><figure class='gallery-item'>\n\t\t\t<div class='gallery-icon landscape'>\n\t\t\t\t<a href='https:\/\/www.mennekes-jungenarbeit.de\/?attachment_id=703'><img loading=\"lazy\" decoding=\"async\" width=\"150\" height=\"150\" src=\"https:\/\/mennekes-jungenarbeit.de\/wp-content\/uploads\/2015\/11\/Jungenarbeit_K_Web-150x150.jpg\" class=\"attachment-thumbnail size-thumbnail\" alt=\"\" aria-describedby=\"gallery-2-703\" \/><\/a>\n\t\t\t<\/div>\n\t\t\t\t<figcaption class='wp-caption-text gallery-caption' id='gallery-2-703'>\n\t\t\t\tJungenarbeit, Mennekes\n\t\t\t\t<\/figcaption><\/figure><figure class='gallery-item'>\n\t\t\t<div class='gallery-icon landscape'>\n\t\t\t\t<a href='https:\/\/www.mennekes-jungenarbeit.de\/?attachment_id=705'><img loading=\"lazy\" decoding=\"async\" width=\"150\" height=\"150\" src=\"https:\/\/mennekes-jungenarbeit.de\/wp-content\/uploads\/2015\/11\/Jungenarbeit_M_Web-150x150.jpg\" class=\"attachment-thumbnail size-thumbnail\" alt=\"\" aria-describedby=\"gallery-2-705\" \/><\/a>\n\t\t\t<\/div>\n\t\t\t\t<figcaption class='wp-caption-text gallery-caption' id='gallery-2-705'>\n\t\t\t\tJungenarbeit, Mennekes\n\t\t\t\t<\/figcaption><\/figure><figure class='gallery-item'>\n\t\t\t<div class='gallery-icon portrait'>\n\t\t\t\t<a href='https:\/\/www.mennekes-jungenarbeit.de\/?attachment_id=704'><img loading=\"lazy\" decoding=\"async\" width=\"150\" height=\"150\" src=\"https:\/\/mennekes-jungenarbeit.de\/wp-content\/uploads\/2015\/11\/Jungenarbeit_L_Web_-150x150.jpg\" class=\"attachment-thumbnail size-thumbnail\" alt=\"\" aria-describedby=\"gallery-2-704\" \/><\/a>\n\t\t\t<\/div>\n\t\t\t\t<figcaption class='wp-caption-text gallery-caption' id='gallery-2-704'>\n\t\t\t\tJungenarbeit, Mennekes\n\t\t\t\t<\/figcaption><\/figure><figure class='gallery-item'>\n\t\t\t<div class='gallery-icon landscape'>\n\t\t\t\t<a href='https:\/\/www.mennekes-jungenarbeit.de\/?attachment_id=702'><img loading=\"lazy\" decoding=\"async\" width=\"150\" height=\"150\" src=\"https:\/\/mennekes-jungenarbeit.de\/wp-content\/uploads\/2015\/11\/Jungenarbeit_J_Web-150x150.jpg\" class=\"attachment-thumbnail size-thumbnail\" alt=\"\" aria-describedby=\"gallery-2-702\" \/><\/a>\n\t\t\t<\/div>\n\t\t\t\t<figcaption class='wp-caption-text gallery-caption' id='gallery-2-702'>\n\t\t\t\tJungenarbeit, Mennekes\n\t\t\t\t<\/figcaption><\/figure><figure class='gallery-item'>\n\t\t\t<div class='gallery-icon landscape'>\n\t\t\t\t<a href='https:\/\/www.mennekes-jungenarbeit.de\/?attachment_id=706'><img loading=\"lazy\" decoding=\"async\" width=\"150\" height=\"150\" src=\"https:\/\/mennekes-jungenarbeit.de\/wp-content\/uploads\/2015\/11\/Jungenarbeit_N_Web-150x150.jpg\" class=\"attachment-thumbnail size-thumbnail\" alt=\"\" aria-describedby=\"gallery-2-706\" \/><\/a>\n\t\t\t<\/div>\n\t\t\t\t<figcaption class='wp-caption-text gallery-caption' id='gallery-2-706'>\n\t\t\t\tJungenarbeit, Mennekes\n\t\t\t\t<\/figcaption><\/figure><figure class='gallery-item'>\n\t\t\t<div class='gallery-icon landscape'>\n\t\t\t\t<a href='https:\/\/www.mennekes-jungenarbeit.de\/?attachment_id=710'><img loading=\"lazy\" decoding=\"async\" width=\"150\" height=\"150\" src=\"https:\/\/mennekes-jungenarbeit.de\/wp-content\/uploads\/2015\/11\/Jungenarbeit_P_Web-150x150.jpg\" class=\"attachment-thumbnail size-thumbnail\" alt=\"\" aria-describedby=\"gallery-2-710\" \/><\/a>\n\t\t\t<\/div>\n\t\t\t\t<figcaption class='wp-caption-text gallery-caption' id='gallery-2-710'>\n\t\t\t\tJungenarbeit, Mennekes\n\t\t\t\t<\/figcaption><\/figure><figure class='gallery-item'>\n\t\t\t<div class='gallery-icon landscape'>\n\t\t\t\t<a href='https:\/\/www.mennekes-jungenarbeit.de\/?attachment_id=707'><img loading=\"lazy\" decoding=\"async\" width=\"150\" height=\"150\" src=\"https:\/\/mennekes-jungenarbeit.de\/wp-content\/uploads\/2015\/11\/Jungenarbeit_O_Web-150x150.jpg\" class=\"attachment-thumbnail size-thumbnail\" alt=\"\" aria-describedby=\"gallery-2-707\" \/><\/a>\n\t\t\t<\/div>\n\t\t\t\t<figcaption class='wp-caption-text gallery-caption' id='gallery-2-707'>\n\t\t\t\tJungenarbeit, Mennekes\n\t\t\t\t<\/figcaption><\/figure>\n\t\t<\/div>\n\n<p>Eine umfangreiche schriftliche Ausarbeitung, nebst Bild-Dokumentation (in Buchform) \u00fcber das Jungenarbeit-Kursgeschehen, wurde von Ulrich Mennekes erstellt &#8211; und steht bei Anforderung zur Verf\u00fcgung.<\/p>\n<p>Projektidee\/Jungenarbeit, Konzept sowie Realisation: Ulrich Mennekes, Dipl. Designer, Jungenarbeiter, Deeskalationstrainer, Kulturp\u00e4dagogische Fachkraft.<\/p>\n\n\n<p><\/p>\n\n\n\n<p><\/p>\n","protected":false},"excerpt":{"rendered":"<p>Jungenarbeit &#8211; Bau einer raumf\u00fcllenden Kugelbahn mit einer Jungen-Gruppe Gemeinsam. Erleben. Erkunden. Kommunikation. Bewegung. Konstruieren. Werken. Spielen. Spass. Hauptsache.&nbsp;Planung, Konstruktion und Bau einer raumf\u00fcllenden Kugelbahn. Drau\u00dfen. Bei \u201eschlechtem\u201c Wetter kann die Kugelbahn auch im Innenraum gebaut werden. Weiterer Input f\u00fcr die Jungen: Ein\u00fcbung von Sozialverhalten in der Gruppe, auch au\u00dferhalb der Schule. Wie auch eine &hellip; <a href=\"https:\/\/www.mennekes-jungenarbeit.de\/?page_id=297\" class=\"more-link\"><span class=\"screen-reader-text\">Jungenarbeit \u2013 zur gezielten F\u00f6rderung von Jungen<\/span> weiterlesen <span class=\"meta-nav\">&rarr;<\/span><\/a><\/p>\n","protected":false},"author":1,"featured_media":0,"parent":0,"menu_order":0,"comment_status":"closed","ping_status":"closed","template":"","meta":{"footnotes":""},"class_list":["post-297","page","type-page","status-publish","hentry"],"_links":{"self":[{"href":"https:\/\/www.mennekes-jungenarbeit.de\/index.php?rest_route=\/wp\/v2\/pages\/297","targetHints":{"allow":["GET"]}}],"collection":[{"href":"https:\/\/www.mennekes-jungenarbeit.de\/index.php?rest_route=\/wp\/v2\/pages"}],"about":[{"href":"https:\/\/www.mennekes-jungenarbeit.de\/index.php?rest_route=\/wp\/v2\/types\/page"}],"author":[{"embeddable":true,"href":"https:\/\/www.mennekes-jungenarbeit.de\/index.php?rest_route=\/wp\/v2\/users\/1"}],"replies":[{"embeddable":true,"href":"https:\/\/www.mennekes-jungenarbeit.de\/index.php?rest_route=%2Fwp%2Fv2%2Fcomments&post=297"}],"version-history":[{"count":141,"href":"https:\/\/www.mennekes-jungenarbeit.de\/index.php?rest_route=\/wp\/v2\/pages\/297\/revisions"}],"predecessor-version":[{"id":3554,"href":"https:\/\/www.mennekes-jungenarbeit.de\/index.php?rest_route=\/wp\/v2\/pages\/297\/revisions\/3554"}],"wp:attachment":[{"href":"https:\/\/www.mennekes-jungenarbeit.de\/index.php?rest_route=%2Fwp%2Fv2%2Fmedia&parent=297"}],"curies":[{"name":"wp","href":"https:\/\/api.w.org\/{rel}","templated":true}]}}