{"id":4,"date":"2014-08-08T12:21:02","date_gmt":"2014-08-08T10:21:02","guid":{"rendered":"http:\/\/www.mennekes-jungenarbeit.de\/?page_id=4"},"modified":"2024-03-09T21:53:49","modified_gmt":"2024-03-09T19:53:49","slug":"kooperation-mit-schulen-und-institutionen","status":"publish","type":"page","link":"https:\/\/www.mennekes-jungenarbeit.de\/?page_id=4","title":{"rendered":"Kooperation mit Schulen und Institutionen"},"content":{"rendered":"<hr \/>\n<h4>Projekte und Angebote\/Jungenarbeit:<\/h4>\n<ul>\n<li>St\u00e4dtische Realschule Theodor-Litt-Stra\u00dfe, D\u00fcsseldorf<\/li>\n<li>St\u00e4dtische Gemeinschaftshauptschule\/GHS Fritz-Henkel-Schule, D\u00fcsseldorf<\/li>\n<li>St\u00e4dtische Gesamtschule Stettiner Stra\u00dfe, D\u00fcsseldorf<\/li>\n<li>St\u00e4dtische Jan-Wellem-Schule, D\u00fcsseldorf<\/li>\n<li>St\u00e4dtische Werner-von-Siemens-Realschule, D\u00fcsseldorf<\/li>\n<li>St\u00e4dtisches Wim-Wenders-Gymnasium, D\u00fcsseldorf<\/li>\n<li>Heinrich-Hertz-Berufskolleg, D\u00fcsseldorf<span style=\"color: #ff0000;\"> <a style=\"color: #ff0000;\" href=\"http:\/\/www.hhbk.de\">http:\/\/www.hhbk.de<\/a><\/span><\/li>\n<li>Max-Weber-Berufskolleg, D\u00fcsseldorf<\/li>\n<li>Leo-Statz-Berufskolleg, D\u00fcsseldorf<\/li>\n<li>Franz-J\u00fcrgens-Berufskolleg, D\u00fcsseldorf<\/li>\n<li>St\u00e4dtische Realschule Florastra\u00dfe, D\u00fcsseldorf<\/li>\n<li>Heinrich-Heine Gesamtschule, D\u00fcsseldorf<\/li>\n<li>St\u00e4dtische Gemeinschaftshauptschule, GHS-Emil-Barth-Stra\u00dfe, D\u00fcsseldorf<\/li>\n<\/ul>\n<hr \/>\n<h4>OGS-Angebote an folgenden Schulen:<\/h4>\n<ul>\n<li>St\u00e4dtische Grundschule\/OGS Adam-Stegerwald-Stra\u00dfe, D\u00fcsseldorf<\/li>\n<li>St\u00e4dtische Kath. Grundschule\/OGS Hermann-Gmeiner, D\u00fcsseldorf<\/li>\n<li>St\u00e4dtische St. Elisabeth Grundschule\/OGS, D\u00fcsseldorf<\/li>\n<li>St\u00e4dtische Grundschule\/OGS Garather-Stra\u00dfe, D\u00fcsseldorf<\/li>\n<li>St\u00e4dtische Gemeinschaftsgrundschule\/GGS-Schlo\u00df Benrath, D\u00fcsseldorf<\/li>\n<li>St. C\u00e4cilia Schule\/St\u00e4dtische Katholische Grundschule\/KGS, Erich-M\u00fcller-Stra\u00dfe,<br \/>\nD\u00fcsseldorf<\/li>\n<li>St\u00e4dtische Gemeinschaftsgrundschule\/GGS Neustrelitzer Stra\u00dfe, D\u00fcsseldorf<\/li>\n<li>St\u00e4dtische Montessori-Grundschule, Emil-Barth-Stra\u00dfe\/MGS, D\u00fcsseldorf<\/li>\n<li>St\u00e4dtische Katholische Grundschule\/KGS Josef-Kleesattel-Stra\u00dfe, D\u00fcsseldorf<\/li>\n<li>St\u00e4dtische Gemeinschaftsgrundschule\/GGS Am K\u00f6hnen, D\u00fcsseldorf<\/li>\n<li>St\u00e4dtische Gemeinschaftsgrundschule\/GGS S\u00fcdallee, D\u00fcsseldorf<\/li>\n<\/ul>\n<hr \/>\n<h4>Kooperationen:<\/h4>\n<ul>\n<li>Ministerium f\u00fcr Familie, Kinder, Jugend, Kultur und Sport des Landes Nordrhein-Westfalen, Landesprogramm Kultur und Schule, K\u00fcnstlerpool<br \/>\n<a href=\"https:\/\/kultur-und-schule.de\/de_DE\/kuenstler\/ulrich-mennekes.113200\"><span style=\"color: #ff0000;\">https:\/\/kultur-und-schule.de\/de_DE\/kuenstler\/ulrich-mennekes.113200<br \/>\n<\/span><\/a>Landeshauptstadt D\u00fcsseldorf, Kulturamt, K\u00fcnstler an Schulen<\/li>\n<li>Landeshauptstadt D\u00fcsseldorf, Jugendamt<\/li>\n<li>Lernort Studio, D\u00fcsseldorf <span style=\"color: #ff0000;\"><a style=\"color: #ff0000;\" href=\"http:\/\/www.lernort-studio.de\">http:\/\/www.lernort-studio.de<\/a><\/span><\/li>\n<li>Musenkuss &#8211; Kulturelle Bildung D\u00fcsseldorf\u00a0<a href=\"https:\/\/www.musenkuss-duesseldorf.de\">https:\/\/www.musenkuss-duesseldorf.de<\/a><\/li>\n<li>Kommunalstelle f\u00fcr Integration und Bildung\/KIB, D\u00fcsseldorf<\/li>\n<li>Landesarbeitsgemeinschaft Jungenarbeit NRW e. V., Dortmund &#8211; Mitgliedschaft<br \/>\n<a href=\"https:\/\/lagjungenarbeit.de\/landkarte\/gesamtuebersicht\">https:\/\/lagjungenarbeit.de\/landkarte\/gesamtuebersicht\u00a0<\/a><\/li>\n<li>Kulturhaus S\u00fcd\/Freizeitst\u00e4tte B\u00fcrgerhaus Garath, Landeshauptstadt D\u00fcsseldorf<br \/>\n<a href=\"_wp_link_placeholder\" data-wplink-edit=\"true\">https:\/\/www.duesseldorf.de\/jugendamt\/familie\/buergerhaeuser\/fg<\/a><\/li>\n<li>Stadtb\u00fcchereien D\u00fcsseldorf\/Stadtb\u00fccherei Bilk, Landeshauptstadt D\u00fcsseldorf<\/li>\n<li>Malteser Hilfsdienst e.V.\/Koordination Fl\u00fcchtlingshilfe, Bezirk Rheinland<\/li>\n<li>LVR Landschaftsverband Rheinland, Landesjugendamt<\/li>\n<li>LWL Landschaftsverband Westfalen-Lippe, Landesjugendamt<\/li>\n<li>Kultursekretariat NRW G\u00fctersloh<\/li>\n<li>Forum Demokratie D\u00fcsseldorf <span style=\"color: #ff0000;\"><a style=\"color: #ff0000;\" href=\"http:\/\/forum-demokratie-duesseldorf.de\">http:\/\/forum-demokratie-duesseldorf.de<\/a><\/span><\/li>\n<li>Gewalt Akademie Villigst (GAV) <span style=\"color: #ff0000;\"><a style=\"color: #ff0000;\" href=\"http:\/\/www.gewaltakademie.de\">http:\/\/www.gewaltakademie.de<\/a><\/span><\/li>\n<li>D\u00fcsseldorfer Appell\/Diakonie D\u00fcsseldorf, \u201eRespekt und Mut \u2013 D\u00fcsseldorfer<br \/>\nBeitr\u00e4ge zur interkulturellen Verst\u00e4ndigung&#8220;<br \/>\n<a href=\"https:\/\/www.respekt-und-mut.de\"><span style=\"color: #ff0000;\">https:\/\/www.respekt-und-mut.de<\/span><\/a><\/li>\n<li>Mach meinen Kumpel nicht an! \u2013 f\u00fcr Gleichbehandlung, gegen<br \/>\nFremdenfeindlichkeit und Rassismus e. V. <span style=\"color: #ff0000;\"><a style=\"color: #ff0000;\" href=\"http:\/\/www.gelbehand.de\">http:\/\/www.gelbehand.de<\/a><br \/>\n<\/span><\/li>\n<li>Mitglied im F\u00f6rderkreis der Mahn- und Gedenkst\u00e4tte D\u00fcsseldorf e. V.<br \/>\n<span style=\"color: #ff0000;\"><a style=\"color: #ff0000;\" href=\"https:\/\/www.duesseldorf.de\/mahn-und-gedenkstaette\/foerderkreis-der-mahn-und-gedenkstaette-ev.html\">https:\/\/www.duesseldorf.de\/mahn-und-gedenkstaette\/foerderkreis-der-mahn-und-gedenkstaette-ev.html<\/a><\/span><span style=\"color: #000000;\"><a style=\"color: #000000;\" href=\"https:\/\/www.duesseldorf.de\/mahn-und-gedenkstaette\/foerderkreis-der-mahn-und-gedenkstaette-ev.html\"><br \/>\n<\/a><\/span><\/li>\n<\/ul>\n<hr \/>\n<h4>Weitere Kooperationen<\/h4>\n<ul>\n<li>Bernhard Rosenknecht, D\u00fcsseldorf<\/li>\n<li>Lukas Mennekes, Stud. Soziale Arbeit, Universit\u00e4t Siegen<\/li>\n<li>XU-Kulturprojekt D\u00fcsseldorf e. V. <span style=\"color: #ff0000;\"><a style=\"color: #ff0000;\" href=\"http:\/\/www.xu-kulturprojekt.de\">http:\/\/www.xu-kulturprojekt.de<\/a><\/span><\/li>\n<li>Jens Pr\u00fcss, Literat, D\u00fcsseldorf\/Neuss<\/li>\n<li>Friedemann Geisler, Musiker, Bonn\/Solingen<\/li>\n<li>Renate Scherra, D\u00fcsseldorf <span style=\"color: #ff0000;\"><a style=\"color: #ff0000;\" href=\"http:\/\/www.renatescherra.de\">http:\/\/www.renatescherra.de<\/a><\/span><\/li>\n<\/ul>\n<hr \/>\n<h4>Sponsoren\/Unterst\u00fctzer<\/h4>\n<ul>\n<li>Biograph &#8211; Kultur. Kino. D\u00fcsseldorf. \u00a0<span style=\"color: #ff0000;\"><a style=\"color: #ff0000;\" href=\"https:\/\/www.biograph.de\/\">http:\/\/www.biograph.de<\/a><\/span><\/li>\n<li>Sack &amp; Pack Reiseausr\u00fcstungen GmbH, D\u00fcsseldorf <a href=\"http:\/\/www.sackpack.de\/\"><span style=\"color: #ff0000;\">http:\/\/www.sackpack.de<\/span><\/a><\/li>\n<li>DMFV Service GmbH, Bonn <span style=\"color: #ff0000;\"><a style=\"color: #ff0000;\" href=\"http:\/\/www.dmfv.aero\/\">www.dmfv.aero<\/a><\/span><\/li>\n<li>Fahrradhaus Garath, D\u00fcsseldorf <span style=\"color: #ff0000;\"><a style=\"color: #ff0000;\" href=\"http:\/\/www.fahrradhausgarath.de\/\">www.fahrradhausgarath.de <\/a><\/span><\/li>\n<li>Schl\u00fcsseldienst Heinrich Golumbeck, D\u00fcsseldorf<br \/>\n<span style=\"color: #ff0000;\"><span style=\"color: #ff0000;\"><a style=\"color: #ff0000;\" href=\"http:\/\/golumbeck-online.de\/\">http:\/\/www.schluesseldienst-golumbeck.de<\/a><\/span><\/span><\/p>\n<hr \/>\n<\/li>\n<\/ul>\n","protected":false},"excerpt":{"rendered":"<p>Projekte und Angebote\/Jungenarbeit: St\u00e4dtische Realschule Theodor-Litt-Stra\u00dfe, D\u00fcsseldorf St\u00e4dtische Gemeinschaftshauptschule\/GHS Fritz-Henkel-Schule, D\u00fcsseldorf St\u00e4dtische Gesamtschule Stettiner Stra\u00dfe, D\u00fcsseldorf St\u00e4dtische Jan-Wellem-Schule, D\u00fcsseldorf St\u00e4dtische Werner-von-Siemens-Realschule, D\u00fcsseldorf St\u00e4dtisches Wim-Wenders-Gymnasium, D\u00fcsseldorf Heinrich-Hertz-Berufskolleg, D\u00fcsseldorf http:\/\/www.hhbk.de Max-Weber-Berufskolleg, D\u00fcsseldorf Leo-Statz-Berufskolleg, D\u00fcsseldorf Franz-J\u00fcrgens-Berufskolleg, D\u00fcsseldorf St\u00e4dtische Realschule Florastra\u00dfe, D\u00fcsseldorf Heinrich-Heine Gesamtschule, D\u00fcsseldorf St\u00e4dtische Gemeinschaftshauptschule, GHS-Emil-Barth-Stra\u00dfe, D\u00fcsseldorf OGS-Angebote an folgenden Schulen: St\u00e4dtische Grundschule\/OGS Adam-Stegerwald-Stra\u00dfe, D\u00fcsseldorf St\u00e4dtische Kath. &hellip; <a href=\"https:\/\/www.mennekes-jungenarbeit.de\/?page_id=4\" class=\"more-link\"><span class=\"screen-reader-text\">Kooperation mit Schulen und Institutionen<\/span> weiterlesen <span class=\"meta-nav\">&rarr;<\/span><\/a><\/p>\n","protected":false},"author":1,"featured_media":0,"parent":0,"menu_order":0,"comment_status":"closed","ping_status":"closed","template":"","meta":{"footnotes":""},"class_list":["post-4","page","type-page","status-publish","hentry"],"_links":{"self":[{"href":"https:\/\/www.mennekes-jungenarbeit.de\/index.php?rest_route=\/wp\/v2\/pages\/4","targetHints":{"allow":["GET"]}}],"collection":[{"href":"https:\/\/www.mennekes-jungenarbeit.de\/index.php?rest_route=\/wp\/v2\/pages"}],"about":[{"href":"https:\/\/www.mennekes-jungenarbeit.de\/index.php?rest_route=\/wp\/v2\/types\/page"}],"author":[{"embeddable":true,"href":"https:\/\/www.mennekes-jungenarbeit.de\/index.php?rest_route=\/wp\/v2\/users\/1"}],"replies":[{"embeddable":true,"href":"https:\/\/www.mennekes-jungenarbeit.de\/index.php?rest_route=%2Fwp%2Fv2%2Fcomments&post=4"}],"version-history":[{"count":143,"href":"https:\/\/www.mennekes-jungenarbeit.de\/index.php?rest_route=\/wp\/v2\/pages\/4\/revisions"}],"predecessor-version":[{"id":3531,"href":"https:\/\/www.mennekes-jungenarbeit.de\/index.php?rest_route=\/wp\/v2\/pages\/4\/revisions\/3531"}],"wp:attachment":[{"href":"https:\/\/www.mennekes-jungenarbeit.de\/index.php?rest_route=%2Fwp%2Fv2%2Fmedia&parent=4"}],"curies":[{"name":"wp","href":"https:\/\/api.w.org\/{rel}","templated":true}]}}